Let x(l) = 7*l**2 + l - 6. Let a(o) = -8*o**2 - o + 7. Let i(g) = 6*a(g) + 7*x(g). Determine i(p).
0
Let c(t) = t**2 + 7*t. Let f(q) = -q**3 - 19*q**2 - q - 27. Let h be -2 - 8 - (-7)/((-28)/8). Let d be 226/h - 0 - 3/18. Let z be f(d). Determine c(z).
8
Let g be (-10)/15*(-6)/(-4). Let k = 192 + -191. Let m(t) = -285*t**2 - k - 285*t**2 + 566*t**2. Give m(g).
-5
Let h(c) = -c**2 - 102*c - 22. Let b(z) = 2*z**2 + 247*z + 44. Let x(m) = 2*b(m) + 5*h(m). What is x(-16)?
-22
Let o be 8980/22 + (-4)/22. Let u = -412 + o. Let v(k) = 2*k**2 + 5*k + 5. Calculate v(u).
17
Let q(r) = 152*r**2 + 8207*r - 62. Let z be q(-54). Let h(i) = i**3 + 9*i**2 + 10*i + 10. Calculate h(z).
-6
Let o be ((12/2)/2 + 1)*-17. Let m = o + 68. Suppose -w + m = 6. Let a(g) = -g - 11. What is a(w)?
-5
Suppose 0*u = -2*u + 3*i + 38, 3*u - 5*i = 59. Let h(m) = -44 + 16 - 4*m**2 + 3*m**2 + 20 + u*m. What is h(11)?
14
Let x(r) = -6*r + 21. Let l(f) = -2*f + 6. Let y(s) = -6*l(s) + x(s). What is y(0)?
-15
Let q be ((-20)/(-10))/(2/(-5)). Let d(x) = -x**3 - 8*x**2 - 15*x + 5. Give d(q).
5
Let k(b) = b**2 - 2. Let w = -796 - -809. Let z(n) = -5*n + 3*n**2 - 2*n**2 - 8*n. Let o be z(w). Calculate k(o).
-2
Let a(t) = 7*t - 2. Let y(s) = -15*s + 4. Let k(w) = 13*a(w) + 6*y(w). Let b = 213 + -165. Let z be 176/b - ((-2)/(-3) + -1). What is k(z)?
2
Suppose 2*a + 33 = 39, 0 = -r + 2*a + 3. Let h(b) = b**3 - 10*b**2 + 10*b + 3. Calculate h(r).
12
Let i(h) = h**2 - 2*h - 1. Let k(o) = o**3 - 6*o**2 + 5*o + 5. Let c be k(5). Suppose -3*r + 17 = 8*y - 6*y, -c*y + 17 = -r. Determine i(r).
2
Let p(m) = 102*m**3 + m**2 + m - 1. Suppose -218*n = 186 + 73 - 41. Give p(n).
-103
Suppose -32 - 31 = 15*i - 3. Let x(d) be the third derivative of 0*d - 1/2*d**3 - 2*d**2 + 0 - 1/24*d**4 + 1/60*d**5. Determine x(i).
17
Let k(h) = -25*h - 245. Let j(s) = 2*s**2 - 151*s - 1438. Let b be j(84). What is k(b)?
5
Let l be 5*(16/(-4) - -3). Let y be (2/3 - 15/9)*l. Let g(q) = -38 - 32 - q**2 + 72 - y*q. Calculate g(-3).
8
Let p(h) = -h**2 - 12*h - 12. Suppose -102*o - 74*o = 176. Calculate p(o).
-1
Suppose -8 = -8*u - 0. Let i(a) = u + 2 + 0 + 4*a. Calculate i(-2).
-5
Let w(h) = -27*h + 729. Let r be w(27). Let k(x) = x**3 - x**2 - 2*x + 10. Determine k(r).
10
Let n(h) = -5*h**2 + 115*h - 9. Let z = -27712 + 27735. Determine n(z).
-9
Let q(c) be the third derivative of c**5/60 - c**4/12 - c**3/2 + 12*c**2. Suppose 46*t = 317 - 41. Calculate q(t).
21
Let d(g) = 139*g**2 - 6*g + 7. Let a be d(1). Let o be (-24)/27 + 3 + a/(-45). Let x(z) = -3*z**2 + 4*z + 3. Give x(o).
-4
Suppose -59 = 7*r - 3*q, -r - 10*q - 37 = -14*q. Let l(f) = -f**3 - 4*f**2 - 4*f + 3. Give l(r).
48
Let k(o) = -30*o - 13*o + 92*o + o**2 - 12 - 42*o. Suppose 2*y + 12 = -4. Determine k(y).
-4
Let b(a) = -a**2 - 17*a - 73. Suppose y - 2089 = -2096. Give b(y).
-3
Let l(k) = 173 - 80 - 87 + 2*k**2 - 2*k. Determine l(2).
10
Let b(c) = 6*c. Let h be (-3*1)/(-2 + (1 - -2)). Let l(z) = -2*z. Let i(r) = h*b(r) - 8*l(r). What is i(1)?
-2
Let n(v) = -4*v**2 + 115*v - 390. Let i be n(4). Let f(s) = -s**3 + 8*s**2 - 12*s - 13. Give f(i).
-13
Let x(m) = -2*m**2 + 112*m - 3 - 46*m - 73*m - 2. Determine x(-5).
-20
Let b(s) = -s**3 + 5*s**2 + 4*s - 3. Suppose 21*c = 1306 - 1222. Give b(c).
29
Suppose 2*n - 4*n - 6 = 0. Let u be n*(4 + -2 - 3). Suppose y - 5 = q, 3*y + u*q + q = 29. Let a(d) = d**3 - 7*d**2 - 5. What is a(y)?
-5
Let m(y) be the second derivative of y**3 + 3 + 1/20*y**5 + 3*y - 9/2*y**2 - 3/4*y**4. Calculate m(8).
-25
Let d(x) = x**2 - 6*x - 5. Suppose -2*b = 4*m - 12, 5*m - 2*b = -4*b + 17. Suppose -7*r + 4*r + 21 = 3*z, 4*r - m*z = 28. Calculate d(r).
2
Let z(g) = -g**3 + 7*g**2 - 5*g - 2. Let h(n) = 3*n + 8. Let i be (84/(-24))/(1/(-2)) + 1. Let t be h(i). Suppose t = 5*a + 2. Determine z(a).
4
Suppose -8 = 2*n, 68*b - 131*b = -64*b - 5*n - 23. Let g(w) be the second derivative of 1/6*w**3 - w + 0 + w**2. Give g(b).
-1
Let t(w) = -222*w**2 - 3 + 2 - 12*w - 1 - 2 + 221*w**2. Let c(p) = -5*p + 13. Let o be c(5). Determine t(o).
-4
Suppose -22*r + 23*r - 510 = -50*r. Let a(p) = -p**2 + 8*p + 18. Give a(r).
-2
Let v(r) be the first derivative of 12*r**4 + 2*r**3/3 - 3*r**2/2 + r + 782. Give v(1).
48
Let m be (3 + -7)/(-2) + -11. Let l be (-20)/(-36) - 4/m. Let h(u) = -2*u**2. Determine h(l).
-2
Let w(u) be the first derivative of 24 + 1/2*u**2 + 11*u. Let y be w(-10). Let a(s) = -17*s**2 + s. What is a(y)?
-16
Let s(a) = -166*a - 3*a + 79*a + 79*a. Let x(z) be the third derivative of z**6/120 - z**5/30 - z**4/8 + z**3/3 - 2*z**2. Let u be x(3). What is s(u)?
-22
Let s(d) = -4*d**2 - 2*d. Let w be s(-2). Let i = w + 10. Let z be 1/(1/i) + 5/(-1). Let y(h) = -h**2 - 8*h - 9. Determine y(z).
-2
Let k(y) be the third derivative of y**6/120 - y**5/12 - y**4/4 - 5*y**3/6 + 2417*y**2. Determine k(5).
-35
Suppose 2*f = 5*h + 50, -4*h - 57 = -22*f + 17*f. Let y(p) = -p**3 - 7*p**2 + 7*p - 3. What is y(h)?
5
Let c = -5951 - -5973. Let w(u) = 20*u - 9*u + 27 - 12*u. Determine w(c).
5
Let b(c) = c**3 - 5*c**2 - 10*c. Let l be (-29 - -30) + (25/15)/((-10)/(-36)). Determine b(l).
28
Let r(w) = 99 - 41 - 59 + 47*w. What is r(-1)?
-48
Let y = 2 - 6. Let u(a) = -16*a - 2*a**2 - 13*a + 28*a - 1. Let l(v) = 7*v**2 - 2*v. Let k(t) = l(t) + 4*u(t). Give k(y).
4
Let x be 2 - 2/(12/(-6))*1. Let s(b) = 3 - 1 - 3 + 6*b**2 - 4*b + 3*b + 4 - b**x. Calculate s(6).
-3
Let d(s) = -s**3 + 9*s**2 - 9*s + 1. Let o = -105 - -172. Let t = 75 - o. What is d(t)?
-7
Let x(t) = 2 - 6*t + 106 - 100. What is x(15)?
-82
Let v(j) be the second derivative of 5 + 2/3*j**3 - 1/12*j**4 - 3/2*j**2 - 18*j - 1/20*j**5. Give v(2).
-7
Let q(s) = -s**3 + 6*s**2 + 9*s. Let r(w) = -w - 1. Let t(f) = q(f) + 2*r(f). Let m = -38 + 45. What is t(m)?
-2
Suppose 2 = 723*d - 724*d, -2*a + 34 = -3*d. Let j(l) = 14*l - 189. What is j(a)?
7
Let w be -13 + -14 + 13 + 20. Let t(d) = -2*d**2 + 8*d - 9. Determine t(w).
-33
Let l(u) be the first derivative of -7*u**3/3 - 9*u**2/2 + 4*u - 46. Let r(y) = 22*y**2 + 29*y - 12. Let m(c) = 19*l(c) + 6*r(c). Calculate m(7).
-24
Let f(s) = -s**2 + 8*s. Let g be (9 - 10) + (-2)/(-2). Suppose 3*o + 0*o - 9 = g. Suppose -4*q + 10 = 5*r - o*r, r - 12 = 5*q. Give f(r).
7
Let k = 313 + -294. Let m(g) = -3 + g - 10 + k - 10 + 0*g. Calculate m(-9).
-13
Let x = 78 + -75. Suppose -x*a = 15, -31 = -4*d + 5*a + 30. Let u(b) = -b**2 + 13*b - 3. What is u(d)?
33
Let v = -22 - -17. Let i(n) = n**2 - n - 9. Let f(r) = -3*r**2 + 6*r + 29. Let p(d) = -3*f(d) - 10*i(d). Determine p(v).
18
Let b(c) = 3*c**2 + 2. Let y(z) = -2*z**3 + 19*z**2 - 4*z - 44. Let u be y(9). What is b(u)?
5
Let h(p) = -13*p**2 - 4*p - 6. Let r(z) = 20*z**2 + 6*z + 10. Suppose 4*j - 4*s + 11 = 3*j, -4*j = -4*s - 4. Let c(i) = j*r(i) + 8*h(i). What is c(-2)?
-10
Let a(g) be the second derivative of g**5/20 + g**4/12 + g**3/6 - g. Suppose -2*d - 2274 = -4*j - j, -3*j - 4600 = 4*d. Let m = d + 1146. Determine a(m).
-1
Let n(y) be the third derivative of -y**4/6 + 7*y**3 + 1176*y**2. Give n(7).
14
Suppose 780 = 5*g - 8*g. Let i = g - -440. Let j be 2/((-9)/(i/8)). Let z(c) = -c**2 - 4*c - 7. What is z(j)?
-12
Let r(m) = 51*m - 66. Let a be r(4). Let f(n) = 275*n + 3 - a*n - 138*n. Calculate f(-7).
10
Let r(m) be the second derivative of -m**5/60 + m**4/8 + 2*m**3/3 + 8*m**2 + 60*m. Let o(g) be the first derivative of r(g). Calculate o(3).
4
Let m be 1*(-32)/(2 - 1). Let y = -29 - m. Let a be -10*((-6)/4)/y. Let l(w) = -w**3 + 4*w**2 + 4*w - 5. Give l(a).
-10
Let c(a) = -a + 23 - 6*a - a + 2*a**2. Let z be (5814/17)/19 - 12. Let r(v) = v**2 - 3*v + 11. Let x(f) = z*c(f) - 13*r(f). Determine x(-7).
9
Suppose 14 = 5*k - j, -4*k + 2*j + 135 = 125. Suppose 2*o + 6 = 4*o. Suppose m + o - 2 = -v, 3 = -k*v + m. Let b(n) = -10*n**2 + 2*n + 1. Determine b(v).
-11
Let m(b) be the first derivative of b**4/4 - 7*b**3/3 + 7*b**2/2 + 4*b + 409. What is m(5)?
-11
Let o(n) = 31*n**3 + 26*n**2 - 122*n - 159. Let i(u) = -9*u**3 - 10*u**2 + 41*u + 53. Let v(k) = -7*i(k) - 2*o(k). Calculate v(-20).
7
Let l = 1095 + -634. Let d = -462 + l. Let g(m) = -15*m**2. Calculate g(d).
-15
Let k(t) = -8*t**2 + 14*t - 49. Let i(h) = 7*h**2 - 12*h + 47. Let s(u) = 7*i(u) + 6*k(u). Calculate s(0).
35
Let y(o) = 30*o - 26*o + 0 - 5*o - 7 - 1. What is 